{"id":2346,"date":"2015-12-15T11:49:46","date_gmt":"2015-12-15T10:49:46","guid":{"rendered":"http:\/\/gyorgyradnai.eu\/?page_id=2346"},"modified":"2015-12-15T12:59:52","modified_gmt":"2015-12-15T11:59:52","slug":"ujdonsagok","status":"publish","type":"page","link":"https:\/\/gyorgyradnai.eu\/","title":{"rendered":"\u00dajdons\u00e1gok"},"content":{"rendered":"\n        <div class=\"wp-tiles-container\">\n        \n            <div id=\"wp_tiles_1\" class=\"wp-tiles-grid wp-tiles-byline-align-bottom wp-tiles-byline-animated wp-tiles-byline-slide-up\">\n                        \n                <div class='wp-tiles-tile bejegyzes' id='tile-8873'>\n                \n                    <a href=\"https:\/\/gyorgyradnai.eu\/wie-sicher-ist-dolfwin-casino-eine-detaillierte-analyse-der-sicherheitsmasnahmen\/\" title=\"Wie sicher ist Dolfwin Casino Eine detaillierte Analyse der Sicherheitsma\u00dfnahmen\">\n                \n                        <article class='wp-tiles-tile-text-only wp-tiles-tile-wrapper' itemscope itemtype=\"http:\/\/schema.org\/CreativeWork\">\n                                                \n                            <div class='wp-tiles-byline'>\n\n                                <div class='wp-tiles-byline-wrapper'>\n                                \n                                    <h4 itemprop=\"name\" class=\"wp-tiles-byline-title\">Wie sicher ist Dolfwin Casino Eine detaillierte Analyse der Sicherheitsma\u00dfnahmen<\/h4>\n                                                                \n                                    <div class='wp-tiles-byline-content' itemprop=\"description\">\n                                        V\u00e9lem\u00e9ny\n                                    <\/div>\n                                \n                                <\/div>\n\n                            <\/div>\n                        \n                        <\/article>\n                \n                    <\/a>\n                \n                <\/div>\n            \n                <div class='wp-tiles-tile bejegyzes' id='tile-8871'>\n                \n                    <a href=\"https:\/\/gyorgyradnai.eu\/stake-kasiino-parimad-boonused-ja-kuidas-valida-endale-sobivad-pakkumised\/\" title=\"Stake kasiino parimad boonused ja kuidas valida endale sobivad pakkumised\">\n                \n                        <article class='wp-tiles-tile-text-only wp-tiles-tile-wrapper' itemscope itemtype=\"http:\/\/schema.org\/CreativeWork\">\n                                                \n                            <div class='wp-tiles-byline'>\n\n                                <div class='wp-tiles-byline-wrapper'>\n                                \n                                    <h4 itemprop=\"name\" class=\"wp-tiles-byline-title\">Stake kasiino parimad boonused ja kuidas valida endale sobivad pakkumised<\/h4>\n                                                                \n                                    <div class='wp-tiles-byline-content' itemprop=\"description\">\n                                        V\u00e9lem\u00e9ny\n                                    <\/div>\n                                \n                                <\/div>\n\n                            <\/div>\n                        \n                        <\/article>\n                \n                    <\/a>\n                \n                <\/div>\n            \n                <div class='wp-tiles-tile bejegyzes' id='tile-8869'>\n                \n                    <a href=\"https:\/\/gyorgyradnai.eu\/%cf%80%cf%8e%cf%82-%ce%bd%ce%b1-%ce%b5%cf%80%ce%b9%ce%bb%ce%ad%ce%be%ce%b5%cf%84%ce%b5-%cf%84%ce%b1-%ce%ba%ce%b1%ce%bb%cf%8d%cf%84%ce%b5%cf%81%ce%b1-%cf%80%ce%b1%ce%b9%cf%87%ce%bd%ce%af%ce%b4%ce%b9\/\" title=\"\u03a0\u03ce\u03c2 \u03bd\u03b1 \u03b5\u03c0\u03b9\u03bb\u03ad\u03be\u03b5\u03c4\u03b5 \u03c4\u03b1 \u03ba\u03b1\u03bb\u03cd\u03c4\u03b5\u03c1\u03b1 \u03c0\u03b1\u03b9\u03c7\u03bd\u03af\u03b4\u03b9\u03b1 \u03c3\u03c4\u03bf Amonbet Casino \u03b3\u03b9\u03b1 \u03ba\u03ad\u03c1\u03b4\u03b7\">\n                \n                        <article class='wp-tiles-tile-text-only wp-tiles-tile-wrapper' itemscope itemtype=\"http:\/\/schema.org\/CreativeWork\">\n                                                \n                            <div class='wp-tiles-byline'>\n\n                                <div class='wp-tiles-byline-wrapper'>\n                                \n                                    <h4 itemprop=\"name\" class=\"wp-tiles-byline-title\">\u03a0\u03ce\u03c2 \u03bd\u03b1 \u03b5\u03c0\u03b9\u03bb\u03ad\u03be\u03b5\u03c4\u03b5 \u03c4\u03b1 \u03ba\u03b1\u03bb\u03cd\u03c4\u03b5\u03c1\u03b1 \u03c0\u03b1\u03b9\u03c7\u03bd\u03af\u03b4\u03b9\u03b1 \u03c3\u03c4\u03bf Amonbet Casino \u03b3\u03b9\u03b1 \u03ba\u03ad\u03c1\u03b4\u03b7<\/h4>\n                                                                \n                                    <div class='wp-tiles-byline-content' itemprop=\"description\">\n                                        V\u00e9lem\u00e9ny\n                                    <\/div>\n                                \n                                <\/div>\n\n                            <\/div>\n                        \n                        <\/article>\n                \n                    <\/a>\n                \n                <\/div>\n            \n                <div class='wp-tiles-tile bejegyzes' id='tile-8864'>\n                \n                    <a href=\"https:\/\/gyorgyradnai.eu\/hogyan-regisztralhatsz-konnyeden-a-verde-casino-platformjan\/\" title=\"Hogyan regisztr\u00e1lhatsz k\u00f6nnyed\u00e9n a Verde Casino platformj\u00e1n?\">\n                \n                        <article class='wp-tiles-tile-text-only wp-tiles-tile-wrapper' itemscope itemtype=\"http:\/\/schema.org\/CreativeWork\">\n                                                \n                            <div class='wp-tiles-byline'>\n\n                                <div class='wp-tiles-byline-wrapper'>\n                                \n                                    <h4 itemprop=\"name\" class=\"wp-tiles-byline-title\">Hogyan regisztr\u00e1lhatsz k\u00f6nnyed\u00e9n a Verde Casino platformj\u00e1n?<\/h4>\n                                                                \n                                    <div class='wp-tiles-byline-content' itemprop=\"description\">\n                                        V\u00e9lem\u00e9ny\n                                    <\/div>\n                                \n                                <\/div>\n\n                            <\/div>\n                        \n                        <\/article>\n                \n                    <\/a>\n                \n                <\/div>\n            \n                <div class='wp-tiles-tile bejegyzes' id='tile-8862'>\n                \n                    <a href=\"https:\/\/gyorgyradnai.eu\/%cf%80%cf%8e%cf%82-%ce%bd%ce%b1-%ce%b1%cf%80%ce%bf%ce%bb%ce%b1%cf%8d%cf%83%ce%b5%cf%84%ce%b5-%cf%84%ce%b9%cf%82-%cf%80%cf%81%ce%bf%cf%83%cf%86%ce%bf%cf%81%ce%ad%cf%82-boomerang-casino-bonus-%ce%b5\/\" title=\"\u03a0\u03ce\u03c2 \u03bd\u03b1 \u03b1\u03c0\u03bf\u03bb\u03b1\u03cd\u03c3\u03b5\u03c4\u03b5 \u03c4\u03b9\u03c2 \u03c0\u03c1\u03bf\u03c3\u03c6\u03bf\u03c1\u03ad\u03c2 Boomerang Casino Bonus \u0395\u03b3\u03b3\u03c1\u03b1\u03c6\u03ae\u03c2\">\n                \n                        <article class='wp-tiles-tile-text-only wp-tiles-tile-wrapper' itemscope itemtype=\"http:\/\/schema.org\/CreativeWork\">\n                                                \n                            <div class='wp-tiles-byline'>\n\n                                <div class='wp-tiles-byline-wrapper'>\n                                \n                                    <h4 itemprop=\"name\" class=\"wp-tiles-byline-title\">\u03a0\u03ce\u03c2 \u03bd\u03b1 \u03b1\u03c0\u03bf\u03bb\u03b1\u03cd\u03c3\u03b5\u03c4\u03b5 \u03c4\u03b9\u03c2 \u03c0\u03c1\u03bf\u03c3\u03c6\u03bf\u03c1\u03ad\u03c2 Boomerang Casino Bonus \u0395\u03b3\u03b3\u03c1\u03b1\u03c6\u03ae\u03c2<\/h4>\n                                                                \n                                    <div class='wp-tiles-byline-content' itemprop=\"description\">\n                                        V\u00e9lem\u00e9ny\n                                    <\/div>\n                                \n                                <\/div>\n\n                            <\/div>\n                        \n                        <\/article>\n                \n                    <\/a>\n                \n                <\/div>\n            \n                <div class='wp-tiles-tile bejegyzes' id='tile-8860'>\n                \n                    <a href=\"https:\/\/gyorgyradnai.eu\/ontdek-de-spannende-wereld-van-rakoo-casino-online-en-geniet-van-geweldige-bonussen\/\" title=\"Ontdek de spannende wereld van Rakoo Casino online en geniet van geweldige bonussen\">\n                \n                        <article class='wp-tiles-tile-text-only wp-tiles-tile-wrapper' itemscope itemtype=\"http:\/\/schema.org\/CreativeWork\">\n                                                \n                            <div class='wp-tiles-byline'>\n\n                                <div class='wp-tiles-byline-wrapper'>\n                                \n                                    <h4 itemprop=\"name\" class=\"wp-tiles-byline-title\">Ontdek de spannende wereld van Rakoo Casino online en geniet van geweldige bonussen<\/h4>\n                                                                \n                                    <div class='wp-tiles-byline-content' itemprop=\"description\">\n                                        V\u00e9lem\u00e9ny\n                                    <\/div>\n                                \n                                <\/div>\n\n                            <\/div>\n                        \n                        <\/article>\n                \n                    <\/a>\n                \n                <\/div>\n            \n                <div class='wp-tiles-tile bejegyzes' id='tile-8857'>\n                \n                    <a href=\"https:\/\/gyorgyradnai.eu\/%cf%80%cf%8e%cf%82-%ce%bd%ce%b1-%ce%ba%ce%ac%ce%bd%ce%b5%cf%84%ce%b5-spinanga-login-%ce%bc%ce%b5-%ce%b1%cf%80%cf%8c%ce%bb%cf%85%cf%84%ce%b7-%ce%b1%cf%83%cf%86%ce%ac%ce%bb%ce%b5%ce%b9%ce%b1-%ce%ba\/\" title=\"\u03a0\u03ce\u03c2 \u03bd\u03b1 \u03ba\u03ac\u03bd\u03b5\u03c4\u03b5 Spinanga login \u03bc\u03b5 \u03b1\u03c0\u03cc\u03bb\u03c5\u03c4\u03b7 \u03b1\u03c3\u03c6\u03ac\u03bb\u03b5\u03b9\u03b1 \u03ba\u03b1\u03b9 \u03c0\u03c1\u03bf\u03c3\u03c4\u03b1\u03c3\u03af\u03b1\">\n                \n                        <article class='wp-tiles-tile-text-only wp-tiles-tile-wrapper' itemscope itemtype=\"http:\/\/schema.org\/CreativeWork\">\n                                                \n                            <div class='wp-tiles-byline'>\n\n                                <div class='wp-tiles-byline-wrapper'>\n                                \n                                    <h4 itemprop=\"name\" class=\"wp-tiles-byline-title\">\u03a0\u03ce\u03c2 \u03bd\u03b1 \u03ba\u03ac\u03bd\u03b5\u03c4\u03b5 Spinanga login \u03bc\u03b5 \u03b1\u03c0\u03cc\u03bb\u03c5\u03c4\u03b7 \u03b1\u03c3\u03c6\u03ac\u03bb\u03b5\u03b9\u03b1 \u03ba\u03b1\u03b9 \u03c0\u03c1\u03bf\u03c3\u03c4\u03b1\u03c3\u03af\u03b1<\/h4>\n                                                                \n                                    <div class='wp-tiles-byline-content' itemprop=\"description\">\n                                        V\u00e9lem\u00e9ny\n                                    <\/div>\n                                \n                                <\/div>\n\n                            <\/div>\n                        \n                        <\/article>\n                \n                    <\/a>\n                \n                <\/div>\n            \n                <div class='wp-tiles-tile bejegyzes' id='tile-8855'>\n                \n                    <a href=\"https:\/\/gyorgyradnai.eu\/betmaze-casino-your-ultimate-destination-for-safe-and-secure-online-betting\/\" title=\"Betmaze Casino: Your Ultimate Destination for Safe and Secure Online Betting\">\n                \n                        <article class='wp-tiles-tile-text-only wp-tiles-tile-wrapper' itemscope itemtype=\"http:\/\/schema.org\/CreativeWork\">\n                                                \n                            <div class='wp-tiles-byline'>\n\n                                <div class='wp-tiles-byline-wrapper'>\n                                \n                                    <h4 itemprop=\"name\" class=\"wp-tiles-byline-title\">Betmaze Casino: Your Ultimate Destination for Safe and Secure Online Betting<\/h4>\n                                                                \n                                    <div class='wp-tiles-byline-content' itemprop=\"description\">\n                                        V\u00e9lem\u00e9ny\n                                    <\/div>\n                                \n                                <\/div>\n\n                            <\/div>\n                        \n                        <\/article>\n                \n                    <\/a>\n                \n                <\/div>\n            \n                <div class='wp-tiles-tile bejegyzes' id='tile-8853'>\n                \n                    <a href=\"https:\/\/gyorgyradnai.eu\/netwin-casino-unesperienza-di-gioco-personalizzata-per-ogni-tipo-di-giocatore\/\" title=\"Netwin Casino: un&#8217;esperienza di gioco personalizzata per ogni tipo di giocatore\">\n                \n                        <article class='wp-tiles-tile-text-only wp-tiles-tile-wrapper' itemscope itemtype=\"http:\/\/schema.org\/CreativeWork\">\n                                                \n                            <div class='wp-tiles-byline'>\n\n                                <div class='wp-tiles-byline-wrapper'>\n                                \n                                    <h4 itemprop=\"name\" class=\"wp-tiles-byline-title\">Netwin Casino: un&#8217;esperienza di gioco personalizzata per ogni tipo di giocatore<\/h4>\n                                                                \n                                    <div class='wp-tiles-byline-content' itemprop=\"description\">\n                                        V\u00e9lem\u00e9ny\n                                    <\/div>\n                                \n                                <\/div>\n\n                            <\/div>\n                        \n                        <\/article>\n                \n                    <\/a>\n                \n                <\/div>\n            \n                <div class='wp-tiles-tile bejegyzes' id='tile-8851'>\n                \n                    <a href=\"https:\/\/gyorgyradnai.eu\/jakie-sa-sekrety-sukcesu-w-xon-bet-casino-i-jak-je-wykorzystac\/\" title=\"Jakie s\u0105 sekrety sukcesu w xon bet casino i jak je wykorzysta\u0107\">\n                \n                        <article class='wp-tiles-tile-text-only wp-tiles-tile-wrapper' itemscope itemtype=\"http:\/\/schema.org\/CreativeWork\">\n                                                \n                            <div class='wp-tiles-byline'>\n\n                                <div class='wp-tiles-byline-wrapper'>\n                                \n                                    <h4 itemprop=\"name\" class=\"wp-tiles-byline-title\">Jakie s\u0105 sekrety sukcesu w xon bet casino i jak je wykorzysta\u0107<\/h4>\n                                                                \n                                    <div class='wp-tiles-byline-content' itemprop=\"description\">\n                                        V\u00e9lem\u00e9ny\n                                    <\/div>\n                                \n                                <\/div>\n\n                            <\/div>\n                        \n                        <\/article>\n                \n                    <\/a>\n                \n                <\/div>\n            \n            <\/div>\n\n        <\/div>\n        \n        <nav class=\"wp-tiles-pagination wp-tiles-pagination-ajax\" id=\"wp_tiles_1-pagination\">\n            <a href=\"https:\/\/gyorgyradnai.eu\/page\/2\/?rest_route=%2Fwp%2Fv2%2Fpages%2F2346\">Tov\u00e1bbiak<\/a>\n        <\/nav>\n        \n","protected":false},"excerpt":{"rendered":"","protected":false},"author":1,"featured_media":0,"parent":0,"menu_order":0,"comment_status":"closed","ping_status":"closed","template":"page-templates\/front-page.php","meta":{"footnotes":""},"class_list":["post-2346","page","type-page","status-publish","hentry"],"_links":{"self":[{"href":"https:\/\/gyorgyradnai.eu\/wp-json\/wp\/v2\/pages\/2346","targetHints":{"allow":["GET"]}}],"collection":[{"href":"https:\/\/gyorgyradnai.eu\/wp-json\/wp\/v2\/pages"}],"about":[{"href":"https:\/\/gyorgyradnai.eu\/wp-json\/wp\/v2\/types\/page"}],"author":[{"embeddable":true,"href":"https:\/\/gyorgyradnai.eu\/wp-json\/wp\/v2\/users\/1"}],"replies":[{"embeddable":true,"href":"https:\/\/gyorgyradnai.eu\/wp-json\/wp\/v2\/comments?post=2346"}],"version-history":[{"count":4,"href":"https:\/\/gyorgyradnai.eu\/wp-json\/wp\/v2\/pages\/2346\/revisions"}],"predecessor-version":[{"id":2357,"href":"https:\/\/gyorgyradnai.eu\/wp-json\/wp\/v2\/pages\/2346\/revisions\/2357"}],"wp:attachment":[{"href":"https:\/\/gyorgyradnai.eu\/wp-json\/wp\/v2\/media?parent=2346"}],"curies":[{"name":"wp","href":"https:\/\/api.w.org\/{rel}","templated":true}]}}